tor of 338960?
True
Is 22 a factor of 90535?
False
Is 11 a factor of 7449596?
True
Is 442483 a multiple of 142?
False
Is 2027883 a multiple of 13?
True
Does 21 divide 12644436?
True
Does 342 divide 4872155?
False
Does 12 divide 394500?
True
Does 17 divide 8554720?
False
Does 26 divide 1435?
False
Does 32 divide 7492128?
True
Does 18 divide 2074946?
False
Does 17 divide 134409?
False
Does 5 divide 349795?
True
Does 38 divide 206420?
False
Is 239625 a multiple of 15?
True
Does 27 divide 4010661?
True
Is 37647 a multiple of 29?
False
Does 564 divide 2261076?
True
Does 34 divide 209842?
False
Is 221 a factor of 92429?
False
Is 5219164 a multiple of 11?
False
Is 23083375 a multiple of 23?
True
Does 21 divide 89376?
True
Is 6018376 a multiple of 182?
True
Does 11 divide 12683?
True
Is 195169 a multiple of 405?
False
Is 99843 a multiple of 3?
True
Does 587 divide 4556294?
True
Is 70 a factor of 875744?
False
Is 11953760 a multiple of 56?
True
Is 247711 a multiple of 21?
False
Is 12 a factor of 51121?
False
Does 117 divide 417807?
True
Does 372 divide 2865544?
False
Is 12 a factor of 1927516?
False
Is 298117 a multiple of 6?
False
Is 13927818 a multiple of 1986?
True
Does 10 divide 4475930?
True
Is 18653 a multiple of 23?
True
Is 18107058 a multiple of 197?
True
Is 2158607 a multiple of 184?
False
Does 4 divide 1024624?
True
Is 18 a factor of 8477730?
True
Does 178 divide 1407525?
False
Does 79 divide 109652?
True
Is 54 a factor of 2007828?
True
Is 82314 a multiple of 17?
True
Is 112 a factor of 350203?
False
Does 2 divide 227190?
True
Is 33 a factor of 6436?
False
Is 6795981 a multiple of 243?
True
Does 19 divide 190266?
True
Is 717266 a multiple of 30?
False
Is 49 a factor of 6160084?
True
Is 113667 a multiple of 9?
False
Does 117 divide 194238?
False
Is 172738 a multiple of 15?
False
Is 14535 a multiple of 85?
True
Is 480 a multiple of 12?
True
Is 3320096 a multiple of 190?
False
Does 276 divide 1965258?
False
Is 5682 even?
True
Is 1000296 a multiple of 99?
True
Is 494 a factor of 1054788?
False
Is 226 a factor of 12656?
True
Is 71 a factor of 162732?
True
Is 130 a factor of 5215990?
True
Is 647712 a multiple of 12?
True
Does 11 divide 22507?
False
Is 60588 a multiple of 33?
True
Is 264564 even?
True
Is 3870945 a multiple of 195?
True
Is 409114 a multiple of 4?
False
Is 5485 a multiple of 27?
False
Is 16466324 a multiple of 14?
True
Is 650624 a multiple of 16?
True
Is 448 a factor of 245504?
True
Is 331 a factor of 639161?
True
Is 10 a factor of 70423?
False
Is 9 a factor of 204696?
True
Is 206 a factor of 241649?
False
Is 1603565 a multiple of 13?
False
Is 14 a factor of 25312?
True
Does 3 divide 2989?
False
Is 889297 a multiple of 37?
False
Is 187 a factor of 39652?
False
Is 85901 a multiple of 31?
True
Is 4246938 a multiple of 31?
True
Does 13 divide 249184?
True
Is 144623 a multiple of 31?
False
Does 4 divide 1577?
False
Does 396 divide 715176?
True
Is 122120 even?
True
Does 47 divide 877864?
False
Is 69 a factor of 7383?
True
Does 15 divide 156735?
True
Is 349922 a multiple of 291?
False
Is 1476076 a multiple of 14?
True
Is 2934293 a multiple of 225?
False
Is 28 a factor of 223448?
False
Is 12 a factor of 1266588?
True
Is 575387 a multiple of 31?
False
Does 8 divide 1731891?
False
Is 211410 a multiple of 145?
True
Is 24 a factor of 1095939?
False
Is 5317185 a multiple of 839?
False
Is 64 a factor of 810193?
False
Is 124818 a multiple of 20?
False
Does 608 divide 469376?
True
Is 6891129 a multiple of 7?
True
Is 59 a factor of 5768730?
False
Does 78 divide 180857?
False
Does 146 divide 70513?
False
Is 440 a factor of 104280?
True
Is 19 a factor of 48677?
False
Is 75458 a multiple of 6?
False
Does 7 divide 6658539?
False
Is 818 a factor of 2481761?
False
Is 154 a factor of 1892686?
False
Is 3059001 a multiple of 363?
True
Does 18 divide 78516?
True
Is 798272 a multiple of 4?
True
Is 5520682 a multiple of 794?
True
Is 108110 a multiple of 190?
True
Does 3 divide 4659?
True
Does 675 divide 827550?
True
Is 13 a factor of 30407?
True
Is 15613505 a multiple of 1677?
False
Is 33 a factor of 47474?
False
Is 238 a factor of 652626?
False
Does 14 divide 36986?
False
Does 45 divide 167027?
False
Does 252 divide 335916?
True
Is 54 a factor of 1086588?
True
Does 67 divide 5315060?
False
Is 82080 a multiple of 15?
True
Is 420640 a multiple of 352?
True
Is 6120602 a multiple of 29?
False
Is 228418 a multiple of 43?
False
Is 4763775 a multiple of 480?
False
Is 37 a factor of 39257?
True
Is 242 a factor of 694540?
True
Is 134910 a multiple of 11?
False
Is 5 a factor of 49150?
True
Is 13 a factor of 1210157?
True
Is 597826 a multiple of 68?
False
Is 5 a factor of 13137?
False
Does 19 divide 35739?
True
Is 38 a factor of 596030?
True
Is 157 a factor of 167666?
False
Does 227 divide 1492849?
False
Is 110 a factor of 2398720?
False
Is 126567 a multiple of 21?
True
Is 160082 a multiple of 262?
True
Does 7 divide 330369?
False
Is 8410 a multiple of 30?
False
Does 163 divide 33519?
False
Is 69 a factor of 2832312?
True
Is 411 a factor of 248887?
False
Does 111 divide 380415?
False
Is 1336608 a multiple of 24?
True
Is 364 a factor of 674856?
True
Does 13 divide 696540?
True
Is 649608 a multiple of 6?
True
Is 31 a factor of 30783?
True
Does 40 divide 542614?
False
Is 273690 a multiple of 381?
False
Does 26 divide 390794?
False
Is 160811 a multiple of 10?
False
Is 19452 a multiple of 4?
True
Is 118 a factor of 45902?
True
Is 14 a factor of 80176?
False
Is 19426979 a multiple of 11?
True
Is 8910 a multiple of 18?
True
Is 9857791 a multiple of 11?
False
Does 18 divide 102960?
True
Is 121 a factor of 385627?
True
Is 41 a factor of 712860?
False
Is 23 a factor of 1513662?
False
Does 97 divide 55916?
False
Is 69 a factor of 4403401?
False
Is 72 a factor of 1015416?
True
Does 13 divide 11870?
False
Is 99399 a multiple of 27?
False
Does 318 divide 137414?
False
Is 4 even?
True
Does 15 divide 599679?
False
Is 23634 a multiple of 202?
True
Is 25 a factor of 321100?
True
Is 1030712 a multiple of 76?
True
Is 321 a factor of 292410?
False
Is 79 a factor of 4770099?
True
Is 2764 a factor of 15044003?
False
Does 15 divide 1809825?
True
Is 20 a factor of 1853262?
False
Does 23 divide 4391905?
False
Is 24525 a multiple of 5?
True
Is 18518 a multiple of 197?
True
Does 1564 divide 23369288?
True
Does 15 divide 685230?
True
Is 1358478 a multiple of 99?
True
Does 56 divide 202106?
False
Does 13 divide 420160?
True
Is 486 a factor of 116640?
True
Does 96 divide 2923488?
True
Does 12 divide 255999?
False
Is 143 a factor of 573716?
True
Is 247 a factor of 1657617?
True
Does 978 divide 398518?
False
Is 17 a factor of 737039?
False
Is 48 a factor of 123707?
False
Is 3996650 a multiple of 35?
True
Does 22 divide 1205446?
True
Is 113274 a multiple of 31?
True
Is 16830702 a multiple of 10?
False
Is 3 a factor of 3223?
False
Does 293 divide 4495880?
False
Is 1514010 a multiple of 794?
False
Does 12 divide 75459?
False
Does 5 divide 97105?
True
Is 231 a factor of 138831?
True
Does 7 divide 2808167?
False
Is 10 a factor of 478950?
True
Is 3440832 a multiple of 24?
True
Is 431 a factor of 211621?
True
Is 426529 a multiple of 13?
False
Does 37 divide 125535?
False
Does 5 divide 1759355?
True
Is 3351493 a multiple of 319?
False
Is 211 a factor of 1500632?
True
Does 27 divide 438985?
False
Is 485 a factor of 3267591?
False
Does 166 divide 3115043?
False
Does 29 divide 75790?
False
Is 1457813 a multiple of 586?
False
Is 1310572 a multiple of 105?
False
Is 388977 a multiple of 43?
False
Is 7 a factor of 3486?
True
Is 360 a factor of 898920?
True
Is 44504 a multiple of 8?
True
Does 824 divide 2978760?
True
Does 786 divide 890892?
False
Is 3 a factor of 58136?
False
Is 217392 a multiple of 6?
True
Is 2 a factor of 190815?
False
Is 195280 a multiple of 98?
False
Is 185917 a multiple of 22?
False
Is 3542 a multiple of 22?
True
Does 18 divide 89226?
True
Is 377 a factor of 950185?
False
Is 51993 a multiple of 71?
False
Is 111075 a multiple of 15?
True
Is 8 a factor of 233576?
True
Is 35820 a multiple of 10?
True
Does 17 divide 11759801?
True
Does 6 divide 288877?
False
Is 15 a factor of 207334?
False
Is 66729 a multiple of 18?
False
Is 33475 a multiple of 17?
False
Is 34 a factor of 746912?
True
Is 3 a facto